
Suppose -20*g + 217 = 57. Is (16/g - (1 - -42))*-37 prime?
False
Suppose r - 11 = 3*u, -3*r = -2*r + 3*u + 7. Suppose 0*q = r*q. Suppose 3*d + 42 - 111 = q. Is d a prime number?
True
Let k(t) = 40*t**2 - 4*t - 14. Let j be k(6). Suppose -6*o = -4*o - j. Is o composite?
False
Suppose 106 = r - 3*a - 2*a, -5*a = -25. Let k = r - 15. Suppose -s + 29 = -k. Is s a prime number?
False
Let y be (-140)/(-18) + 20/90. Suppose 7*c + 649 = y*c. Is c composite?
True
Is (-28)/(-98) - (-1 - (-780606)/(-21)) prime?
False
Suppose -5*a + 1380 = -a. Let l = a + -233. Suppose 5*m = 5*u + 2335, -2*u - l = 3*m - 1513. Is m prime?
True
Let k(c) = -10 + 4*c + 2*c - 3*c. Let b be ((-78)/(-104))/((-3)/(-16)). Is k(b) prime?
True
Let l(i) = -i**2 - i + 1. Let z(t) = -3*t**3 - 3*t**2 - t + 4. Let c(x) = -3*l(x) + z(x). Let k be c(-1). Is 85 + 0 + (k - 2) a prime number?
False
Let h(z) = 11*z**2 + 4*z - 41. Suppose -d + 5 = -1. Is h(d) prime?
True
Suppose -9*g + 12018 = -7*g + 2*v, 4*v = -16. Is g prime?
False
Let p(h) = -h**3 - 6*h**2 + 6*h - 4. Let m be p(-7). Let n be -1*m/(-3)*3. Suppose -n*o = w - 263, o - 69 - 24 = -3*w. Is o a composite number?
True
Let g = -8763 - -15892. Is g composite?
False
Let n = 10248 - 1301. Is n a composite number?
True
Let c be (-18)/(-5 + 8)*6. Is (-5686)/(c/15 - (-2)/5) a composite number?
False
Is (-24)/3 + (82130 - 55) a composite number?
False
Let i(u) = -3*u**3 + 6*u**2 + 8*u + 2. Let q be i(-7). Let k be (-10178)/(-16) + (-7)/56. Let n = q - k. Is n prime?
False
Let c(b) = b**2 - 3*b + 115. Let l be c(0). Is 4/(-2)*(2 - l/10) a composite number?
False
Let v(l) = 4049*l**3 + 3*l**2 - l - 2. Is v(1) prime?
True
Is 5881920/576 + (-4)/6 a prime number?
True
Let c(h) = h**2 - 3*h + 4. Let r be c(3). Suppose -5*i = -2*s + 2396, 0 = 3*s + s + r*i - 4848. Suppose -5*o + s = -377. Is o a prime number?
True
Let n = -28503 - -63014. Is n a composite number?
False
Suppose 0 = -c - c + 11930. Suppose 5*n = -5*m + c, 0*m + m = 0. Is n composite?
False
Let v = -17781 + 10126. Let f = v - -11788. Is f a composite number?
False
Is 1/3 - 18000/(-27) a composite number?
True
Is (6/5)/((-9)/(-25230)) - 5 prime?
True
Let q(j) = -j**3 - j**2 - j + 141. Let y be (-1)/(-3) - (-70)/15. Suppose 5*u = 4*o - 0*o - y, 0 = 4*u + 4. Is q(o) composite?
True
Let k = 29 + -21. Is (787/2)/(4/k) composite?
False
Let d(z) = 9*z**2 - 70*z + 18. Is d(43) composite?
False
Let h = 9 + -1. Let d be 21*(-1)/(-6)*2. Suppose d*c = h*c - 26. Is c composite?
True
Suppose 2980 = 4*z - 2*v, -6*z = -5*z - 2*v - 742. Is z a composite number?
True
Suppose -3*n + 19*n = 3280. Is n composite?
True
Let o = -14 + 18. Let n be o/(-3)*14574/(-28). Suppose 7*g = 5*g + n. Is g a composite number?
False
Suppose 12976 = -5*h + 1566. Suppose -3*c - 4 - 2 = 0. Is (-9)/c*h/(-21) composite?
True
Let a(j) = 346*j - 45. Is a(11) a composite number?
False
Let o be 13/(195/10) - 2/3. Suppose -553 = -h - 2*p, -7*h + 3*h + 3*p + 2267 = o. Is h a composite number?
False
Let i = 1 + 1. Suppose -3*z = i*z - 40. Suppose 3*y + 885 = z*y. Is y composite?
True
Suppose -3*y - 66 = 15. Is (-71532)/(-24)*(-6)/y*3 prime?
True
Let v(t) = -7*t + 12. Let p be v(3). Let r(y) = -34*y + 25. Is r(p) a composite number?
False
Suppose -7 = 2*y - 27. Let g(t) = t + 5. Let x be g(-5). Suppose 3*f + f - 3*n = 75, -2*n - y = x. Is f a prime number?
False
Let b(y) = -7*y**2 - 16*y + 19. Let l be b(11). Let t = l - -3099. Is t a prime number?
False
Suppose 4 - 10 = -2*p. Suppose 0 = p*m - 0*m - 12. Suppose -4*j + 1720 = 4*u, -m*j - 3*u - 2*u = -1723. Is j a prime number?
False
Suppose -u = -84 + 18. Suppose 0 = 67*g - u*g - 1. Let y(t) = 201*t - 2. Is y(g) a composite number?
False
Let w = 62 - 92. Is 10/w + 1124/6 a prime number?
False
Suppose 0 = -4*b - 11434 + 138438. Is b a composite number?
False
Suppose -340 = 2*z + 4*i, 2*i + 302 + 30 = -2*z. Let r = z - -521. Is r composite?
False
Suppose 45*x - 8*x - 473563 = 0. Is x a composite number?
False
Let z(i) = i**3 - 5*i + 10. Let y = -10 + 3. Let k be z(y). Let b = k - -591. Is b a composite number?
False
Suppose -4*c - 4 - 4 = -5*f, -2*c - 6 = -3*f. Let j be 1*317 - (-2 - -2). Suppose 5*z = 2*a + 745, -f*z + 4*a = -913 + j. Is z prime?
True
Is (7 + 0)/((-25)/(-3175)) a prime number?
False
Let y = -31 + 1. Let m = y + 47. Suppose -3*x + m = -25. Is x prime?
False
Suppose 4*d + 36 = -128. Let w = d + 79. Let y = w + 173. Is y a composite number?
False
Is 3*(4*31281/12)/3 a composite number?
False
Let h be 1/((-27)/(-195)) - (-8)/(-36). Let k(i) = 219*i + 5. Is k(h) composite?
True
Let f(b) = 20*b + 4. Let k be f(1). Suppose -j - k = -o + 43, -2*j = -5*o + 335. Is o a prime number?
True
Let o be 15/10*3*4/6. Suppose t - 2101 - 709 = -o*n, 5*t + n - 14092 = 0. Is t a prime number?
True
Let b(l) = l - 4. Let v be b(6). Suppose -2*r + 1 = -5*g + 15, r + 6 = v*g. Suppose -93 = -g*p - p. Is p composite?
False
Let q = -7 + 13. Suppose -3*g + q*g - 6537 = 0. Is g prime?
True
Suppose 3*w - 2*w = 2*d - 1736, -3*d - 2*w = -2611. Is d composite?
True
Let k(d) = -d + 2. Let n be k(3). Let z be (n/(-2))/((-7)/(-56)). Is 2*(3 - (-1094)/z) a prime number?
False
Let c = 130 + -63. Let o = c - -270. Is o prime?
True
Let y = 738 - 197. Is y a composite number?
False
Let r(v) = v**3 + 53*v**2 + 90*v + 67. Is r(-49) composite?
False
Let g be 0*(3 - 5/2). Suppose -q - 3 + 5 = g. Suppose -101 = -q*w - 23. Is w a composite number?
True
Suppose n = 2*y - 33, -y - 5*n = -6*y + 95. Is (-4)/y + 57492/28 a composite number?
False
Suppose 130402 = 9*f - 167507. Is f composite?
True
Let n be 5087 + -6 - (-2 + 0). Suppose n = 2*q - 7695. Is q a composite number?
False
Let d(m) = 22*m**3 + 2*m**2 + 7*m - 4. Suppose 0 = -5*h + 2 + 13. Is d(h) a composite number?
True
Is 204378/23*1/2 a prime number?
False
Suppose 7*s - 882 = 1267. Is s composite?
False
Is 67/67 + (33107 - 1) prime?
True
Let g(h) = 4*h**2 + h + 1. Let b be g(-1). Suppose 0 = -4*k - b + 8. Let u(x) = 56*x**3 - 2*x**2 + x. Is u(k) prime?
False
Suppose 9408 + 42603 = 9*o. Is o a prime number?
True
Let b(x) = -x**3 + 8*x**2 + 11*x + 29. Suppose -4*l - 4*v - 16 = 0, 5*l + 0*l + 4*v + 22 = 0. Is b(l) a composite number?
False
Let p = 48 + -46. Is p/6 - (-35860)/33 a prime number?
True
Suppose 0 = 3*m + 15, 2*m + m = -2*q - 15. Suppose -b - 3*b + 12 = q. Suppose n - b*n - 5*r + 1058 = 0, -2116 = -4*n - r. Is n composite?
True
Suppose -2*b - 7*h + 3 = -8*h, -2*b - 2*h = -6. Let j be (-4)/2*(1 + -3). Suppose b*d = 2*t + 3*d - 153, 4*t = -j*d + 316. Is t prime?
False
Suppose 3*j + j = 16. Suppose j*c - 2*c - 5*d = 15, -d = 3. Suppose 4*l - 56 - 36 = c. Is l prime?
True
Suppose 17*t - 940658 = -60585. Is t prime?
True
Suppose 25 = b - 4*f - 0*f, -5*b + 4*f + 45 = 0. Suppose 4644 = b*r - 3461. Is r a prime number?
True
Let x(g) = -3*g**2 + 19*g + 9. Let h = 26 - 27. Let c(w) = -w**2. Let b(s) = h*x(s) + 4*c(s). Is b(-11) a composite number?
False
Let w = 1895 + -310. Is w a composite number?
True
Let x = -3 + 8. Suppose 0 = -2*f + 2, -4*r + 412 = x*f - 333. Is r a composite number?
True
Let h = 26 + -64. Suppose 5 = -3*v - 1. Is (1/1)/(v/h) prime?
True
Let p = -29 - -33. Suppose 2*q = -2*l, 0*q = p*q - 5*l. Suppose -5*d - 5 = q, -3*y - 2*y + 3*d + 1058 = 0. Is y composite?
False
Let g = 3543 - 2426. Is g prime?
True
Let w = 9499 + -5298. Is w prime?
True
Let w be (-13)/(-78) + (-50)/12. Let h(i) = -6*i**2 + 8*i - 5. Let v(s) = -12*s**2 + 15*s - 10. Let z(g) = 11*h(g) - 6*v(g). Is z(w) composite?
False
Let y(g) = -1226*g**3. Let u = -82 + 81. Is y(u) a composite number?
True
Suppose 0*v - 4*v = -84. Let l = 44 - v. Is l a prime number?
True
Let l(n) = -4*n - 15. Let i be l(-7). Suppose -5*t - 8 = 3*u - 2*u, -2*t = -u + i. Is u a prime number?
True
Is (-2)/2*7559/(-1) a composite number?
False
Suppose 0 = -3*d - 2 - 22. Let w(g) = 3*g + g + 2*g**2 + 154 - 147. Is w(d) a prime number?
True
Let o = 69 + -66. Suppose 2742 = 2*p - 5*b, 0 = -0*b + o*b + 12. Is p composite?
False
Is (-168)/32 + 6 + (-23617)/(-4) composite?
True
Let g(m) = -361*m - 7. Let z be g(-4). Let j = 2696 - z. Is j a composite number?
False
Is (-2)/((-17)/((-4513092)/(-24))) composite?
False
Suppose 0 = 11*d - 157421 - 60896. Is d a composite number?
True
Let x be (1 + -1)/(-13 - -1